6
What is the value of (-5 - -6) + 0 + -6 - -10?
5
What is (-16 - (-5 + 7 + 0)) + -96 + 97?
-17
Evaluate 3 + 0 - ((3 - 22) + 11).
11
Calculate (5 - (-4 + (-2 - 1))) + -6 - 4.
2
What is -18 + 21 + (-1 - -1) + -8 - -30?
25
Calculate -2 + (12 - 10) - 13.
-13
Calculate 4 + (-11 - 0 - 14) + 0 + 5.
-16
What is 4 - ((-4 + 0 - -2) + -2 + -4)?
12
14 - (2 + 4 + 0 - 5)
13
Evaluate -4 + 1 + (-8 - -19).
8
Evaluate -9 - (-8 + 69 + -38).
-32
What is (-2 - -5) + 0 - -2 - (4 - -2)?
-1
Evaluate 5 - 0 - (12 - 3).
-4
17 + -17 + -3 - (-8 + -1)
6
What is (-8 - 5) + 12 - (5 - (3 + -2))?
-5
What is the value of ((6 - 10) + -2 - -6) + -8?
-8
What is 3 - (-2 + (8 - 1) + 0)?
-2
Evaluate 5 + (-24 - 0) + (-66 - -79).
-6
Evaluate (-15 - 4) + 4 + 7.
-8
What is the value of -1 + 2 + -12 + -547 + 582?
24
-37 + 36 + (-8 - 1)
-10
(1 + 10 - (58 + -58)) + -1
10
Calculate -84 - -88 - (0 - 2).
6
-1 - (6 + 2 + -5)
-4
Calculate (-17 - 1) + -29 + (59 - 24).
-12
-4 + 11 + -1 - (3 + 11)
-8
What is 40 + (-10 + 15 - 16) - 15?
14
Evaluate -13 - -1 - (-26 + 25).
-11
What is the value of -3 + 16 + 7 + -12 + -2?
6
What is -31 + (-29 - (-80 + 0))?
20
-8 + (-1 + 19 - (4 + -8))
14
What is 8 + 0 + (10 - (-2 + 14))?
6
What is 2 + -2 + -4 - (26 - 36) - -22?
28
Calculate -6 + (42 - 13) + -27.
-4
What is the value of 19 - (-1 + 4) - (16 - 9)?
9
(-1 - (0 - -4)) + (-1 - (-26 - -9))
11
Calculate (8 - 14 - -10) + (-2 + -1 - -4).
5
What is -1 + -14 + 29 + 0?
14
-787 - -770 - (-37 - 0)
20
-18 + (5 - -1 - (4 + -13 - -7))
-10
Calculate 15 - ((-9 - -15) + 2).
7
What is -39 + 61 + (-20 - 7)?
-5
What is the value of -3 + -1 + 82 + -82 + 15?
11
Calculate 4 - 2 - -14 - (-51 + 58).
9
19 - (1 + -1 + 9)
10
-1 - (7 + -14 + (4 - 6) + -3)
11
What is the value of -21 - (19 - 53 - -22)?
-9
Evaluate 1 - 0 - 0 - -14 - 7 - 1.
7
Evaluate -400 + 410 - (10 + -1 + 2).
-1
Evaluate -17 + 1 - (-16 - -22).
-22
What is 143 + -96 + (-3 - 1) - 15?
28
-45 + (-32 - -25 - -27)
-25
What is -3 - ((-11 - -11) + -11 - -31)?
-23
What is the value of 424 + -458 + (-4 - -8)?
-30
Evaluate -13 - (-8 - (-2 - (2 + (10 - 7)))).
-12
0 + 11 + (-19 - 6)
-14
What is the value of -116 + 109 + (-1 - -8)?
0
Calculate -3 - (-1 - (8 - (-3 - (-1 - -5)))).
13
Evaluate (3 - 7) + 1 + 29.
26
Calculate 9 - (10 + (-4 - 3) + 0).
6
Calculate 3 + 3 + 1 + -1 + -2 + 8.
12
What is (-12 - -7) + 4 - (5 + -1 + -1)?
-4
Calculate 2 + -14 + (-39 - -57).
6
Evaluate (-1 - -2) + -10 + 9 + -6 + -1.
-7
Evaluate 3 - 5 - 9 - 5.
-16
What is the value of 3 - (49 + -22 - 8)?
-16
What is -3 + 18 + (14 - 17)?
12
Evaluate -14 - (8 - 0 - 5 - (-5 - -17)).
-5
Evaluate 18 + 40 + (10 - 91).
-23
What is (31 - (13 + 10)) + 0 + 1?
9
Evaluate (-44 - -29) + -4 + 12.
-7
Calculate -137 - -119 - (-19 + 7).
-6
(55 - (40 + 38)) + 8 + (-1 - -1)
-15
Calculate (18 - (6 - 10) - 4) + -8.
10
What is -15 - ((21 - 10) + -15 + 8)?
-19
Calculate -11 + (4 - (11 + -4 + -4)).
-10
Calculate -19 - (8 + -22) - 2.
-7
What is (-2 + 13 - (-30 - -55 - -23)) + 10?
-27
Evaluate 25 - (-4 + -12 + 28).
13
What is the value of -96 + 103 - (-5 - 1)?
13
-10 + (5 - 3 - 5) + -2 + 6
-9
What is -1 - (22 + -3) - (2 + -12 + 2)?
-12
What is the value of 13 + -72 + 11 - -39?
-9
Evaluate (-5 - -3) + 5 + (-10 + 11 - 3).
1
What is -683 + 655 + (12 + 1 - 1)?
-16
-10 - (-38 - (-1 + 17 - (11 - 1)))
34
What is (-12 - -42) + -8 + -12?
10
What is the value of -40 - (-66 + 31 + 8)?
-13
43 - (-4 + 52) - (2 + -26)
19
What is the value of 10 + 3 + (0 - 4) + -15?
-6
26 - ((-29 - -8) + 32)
15
Calculate 1 + -3 - (6 + 1 + -22).
13
Calculate -31 + 18 + 17 - 17.
-13
What is the value of 18 - -7 - 7 - 25 - (26 + -1)?
-32
What is -11 + -16 + 3 + 8 + (5 - 0)?
-11
What is the value of 3 - -16 - (-13 - -38)?
-6
Calculate -8 + -6 + 7 + -7 + (5 - 7).
-16
Evaluate 12 - (29 - 19) - (-2 - -8).
-4
0 + 3 + (-153 - -150)
0
What is the value of 18 + (-1 - (0 - (4 + 3 + -11)))?
13
Evaluate -3 + 2 + 139 + -111.
27
(83 - 0) + (984 - 1032)
35
Calculate -1 + (3 - 0) + (-4 - 2) + -5.
-9
Evaluate (-13 + 17 - 4) + 7.
7
What is 14 + (0 - -9) + -12 + 3?
14
What is 42 + 6 + -4 + -28?
16
Calculate -136 - -118 - (-1 + -4).
-13
2 + -5 + (1 - 6) + (15 - 12)
-5
What is the value of 0 + -20 + -2 - (-19 - (10 + -24))?
-17
Evaluate -62 + -32 + 36 + 34.
-24
Evaluate 3 + -39 + 1 + (-12 - -16).
-31
What is (-9 - 0) + (-34 + 48 - (-1 - -9))?
-3
Evaluate 0 - 1 - 40 - (28 + (-40 - -1)).
-30
What is 7 + -20 + ((-11 - -5) + 10 - 2)?
-11
-33 + -18 + 23 + 26
-2
What is the value of -7 + (8 - 0) + (35 - 37)?
-1
Evaluate 15 + (-4 + 2 - 8).
5
1 + (9 - 2) - (202 - 197)
3
What is the value of -10 - (-6 - (9 - 9)) - -8 - 9?
-5
What is -10 + -9 + 8 + 16?
5
(2 + 4 - 25 - 1) + 15
-5
(-16 - -14) + 22 - 39
-19
What is -7 + (5 + -11 - (-3 + 6 + -1))?
-15
What is 98 + -110 - (2 + -2 + 6)?
-18
-4 + -1 + 8 + -3 - -3
3
Calculate (-9 - -17) + -14 + -3.
-9
Calculate 4 + 13 + -30 + 8 - (-2 + 35).
-38
What is the value of -14 - (-27 + 42 - -8)?
-37
Evaluate 4 + 790 + -790 + (-28 - -1 - 1).
-24
What is the value of 4 - ((-8 - (0 - -10) - -8) + -8)?
22
What is (-36 + 34 - 3) + 10?
5
Calculate -1 - -5 - (251 - 247).
0
What is the value of 26 + -12 + 2 + 13 - 11?
18
Evaluate 4 + -13 + 7 + -12.
-14
What is -3 + (-8 - -9 - (-18 + 7 + 5))?
4
Evaluate 46 - 23 - (-3 - -5).
21
11 + 17 + -16 + (-25 - -13)
0
Calculate -15 - (3 + 11 + (-20 - -2) + 6).
-17
-4 + 17 + (-17 - 14) + -3
-21
What is the value of 2 + 9 + -4 + 0?
7
1 - (-3 + (-10 - (-4 - 3)))
7
(1 - (-2 + -6)) + -5 - (-3 + 0)
7
-2 + (9 - 9) + (-12 + -2 - -3)
-13
Calculate 15 + -13 - 0 - 12.
-10
What is the value of 15 + 6 + -23 + 15?
13
Calculate (-5 - 18) + 10 - -14.
1
What is the value of -2 + -41 + 44 + (8 - 2) + -9?
-2
What is -8 - (-12 + (3 - -24 - 12))?
-11
Calculate 9 + 5 + -7 + 2 - -9.
18
11 + (1 - 1) - (657 - 675)
29
(0 - -7) + (5 - (5 - -2))
5
What is 16 - (-15 + 4 - -43)?
-16
What is the value of (-24 - -48) + 11 + -46?
-11
What is -3 + -16 + 6 + (-9 - -8) + -7?
-21
10 - ((5 - (-3 + -3 + 7)) + 4)
2
What is 2 - 7 - ((21 - 41) + 25)?
-10
Calculate -11 - (12 + -17 + -7 - -1).
0
What is (-111 - -94) + (2 - (-2 + 1)) - -7?
-7
-1 + -3 + -18 + 12 + 26
16
Calculate 7 + (11 - 19) - (-32 - 0 - 0).
31
-21 - (-25 - (3 + -29))
-22
What is the value of (724 - 745) + 19 + -1?
-3
What is the value of 32 - ((23 - (17 + -2)) + 1)?
23
6 + 9 - 2 - 14
-1
Evaluate -1 - (5 - 3 - (7 - (13 + 2))).
-11
What is the value of -44 - (11 + (-24 - -12)) - (-10 + 0)?
-33
Calculate -5 + (-8 - 6) + 7 - -7.
-5
Evaluate 0 - 10 - ((37 - 6) + -34).
-7
What is the value of (6 - (11 - 6) - (-4 - -8)) + 16?
13
What is the value of 3 + -7 + -2 - (-32 + 25) - 0?
1
Calculate 2 - -2 - (18 + -8) - -3.
-3
24 - (-11 + 29) - 15
-9
What is the value of 14 + -17 + (5 - 16)?
-14
4 - (5 + -12 - (-2 + (0 - 20)))
-11
Calculate (-13 - -5 - -5 - -28) + 22 + -23.
24
Evaluate -23 + (10 - (5 + -7)) + -2.
-13
Calculate 4 - (-3 - (-24 + 14)).
-3
What is -27 + 24 + -3 - (-4 - 1)?
-1
What is 0 + 2 + 2 - (4 + (-5 - -1))?
4
(8 + -1 - 13) + -17 + 6
-17
Evaluate (1 - 7) + (8 - 2) - -1 - -1.
2
What is the value of -6 - -1 - (-11 + 5) - 10?
-9
Calculate (12 - 1) + 106 + -88.
29
Calculate (0 + 2 + -2 - -5) + -15 + 7.
-3
Evaluate 3 + -11 + 8 + -21.
-21
What is -21 - (25 + -13 - 22)?
-11
Evaluate 27 + 3 + -4 - 20.
6
What is 2 - 5 - -7 - 3?
1
What is (-2 + (9 - 10) - -12) + 13?
22
Evaluate 2 + 0 - (122 + -109).
-11
Calculate (18 + 0 - (-1 - 1)) + -4 + 15.
31
What is the value of -12 + 12 - ((-1 - -6) + -6 - -11)?
-10
What is -10 + 2 + (-1 - 7) + -2?
-18
What is the value of 4 + 3 + (3 - (-2 - (-16 - -5)))?
1
What is -1 + -2 + 1 - (4829 - 4829)?
-2
What is the value of 2821 + -2800 - ((4 - 1) + (0 - 1))?
19
Evaluate -10 + (2 - (-10 - (-14 - 3))).
-15
Evaluate -2 + (1 - 2) + (-18 + 24 - 9).
-6
What is -5 + -2 + 5 - -1 - 13?
-14
Evaluate -16 - ((-17 - 25) + 11).
15
What is 28 + -27 - (-3 + 0) - 5?
-1
Calculate 12 + 6 + 16 + -9 + -5.
20
Calculate 34 + (-2 - -15 - 32).
15
Calculate 0 + 56 - 18 - 18.
20
Calculate -14 - (0 + (5 - -1) - (9 + 1)).
-10
Calculate (-8 + -8 + 0 - -4) + 24.
12
Evaluate (23 - 20 - 14) + (1 - 16).
-26
Calculate (-21 - 0) + -45 + 65.
-1
What is (-215 - -215) + -1 + 1 + 14?
14
What is the value of 4 + 37 - 9 - 21?
11
What is the value of -307 - -301 - (1 - -14)?
-21
What is the value of -8 - ((2 - 13) + 10 - -12)?
-1